{"id":60,"date":"2016-07-27T14:47:03","date_gmt":"2016-07-27T14:47:03","guid":{"rendered":"http:\/\/kirmin.web.th-koeln.de\/?page_id=60"},"modified":"2024-06-27T14:35:27","modified_gmt":"2024-06-27T14:35:27","slug":"ziele","status":"publish","type":"page","link":"https:\/\/kirmin.web.th-koeln.de\/?page_id=60","title":{"rendered":"Ziele"},"content":{"rendered":"<p>Das BMBF-gef\u00f6rderte Forschungsprojekt KIRMin analysiert die Abh\u00e4ngigkeiten der Elektrizit\u00e4ts- und Wasserversorgung in Deutschland. Dabei geht es sowohl um systemrelevante technische Schnittstellen, z. B. an Pumpstationen, als auch um organisatorische Abh\u00e4ngigkeiten im Risiko- und Krisenmanagement. Dazu werden Schwachstellen identifiziert und Verbesserungsm\u00f6glichkeiten im Risiko- und Krisenmanagement von Infrastrukturbetreibern und Beh\u00f6rden aufgezeigt. Parallel erfolgt eine Analyse der Bew\u00e4ltigungs- und Wiederherstellungsf\u00e4higkeiten der Bev\u00f6lkerung und der Industrie im Krisenfall. Au\u00dferdem soll die notwendige Mindestversorgung ermittelt werden, um darauf aufbauend Schutzziele als Grundlage f\u00fcr Sicherungsma\u00dfnahmen zu definieren. Erkl\u00e4rtes Ziel des dreij\u00e4hrigen Projektes ist es, innovative L\u00f6sungen in Form eines Mindestversorgungskonzeptes f\u00fcr den Fall eines Ausfalls Kritischer Infrastrukturen zu erarbeiten und diese zusammen mit Endanwendern in das Krisenmanagement zu integrieren.<\/p>\n<p>Zentrale Fragestellungen im Projekt sind u.a.: Was f\u00fcr Anforderungen gibt es f\u00fcr die Sicherstellung einer Mindestversorgung? Welche Elemente und Prozesse der Kritischen Infrastrukturen sind essentiell daf\u00fcr? Wo gibt es Interdependenzen? Wo gibt es Optimierungsm\u00f6glichkeiten im Risiko- und Krisenmanagement? Haben die Akteure ausreichend Bew\u00e4ltigungs- und Wiederherstellungsf\u00e4higkeiten? Wie kann ein integriertes Risikomanagement systematisch und strukturiert konzipiert werden?<\/p>\n<p><img loading=\"lazy\" decoding=\"async\" class=\"alignnone wp-image-61 size-full\" src=\"http:\/\/kirmin.web.th-koeln.de\/wp-content\/uploads\/2016\/07\/Ziele.png\" alt=\"Ziele\" width=\"1021\" height=\"707\" srcset=\"https:\/\/kirmin.web.th-koeln.de\/wp-content\/uploads\/2016\/07\/Ziele.png 1021w, https:\/\/kirmin.web.th-koeln.de\/wp-content\/uploads\/2016\/07\/Ziele-300x208.png 300w, https:\/\/kirmin.web.th-koeln.de\/wp-content\/uploads\/2016\/07\/Ziele-768x532.png 768w, https:\/\/kirmin.web.th-koeln.de\/wp-content\/uploads\/2016\/07\/Ziele-433x300.png 433w\" sizes=\"auto, (max-width: 1021px) 100vw, 1021px\" \/><\/p>\n<p><em>Zur\u00fcck\/weiter zu:<\/em><\/p>\n<p><span style=\"color: #607ea5;\"><strong><a style=\"color: #607ea5;\" href=\"http:\/\/kirmin.web.th-koeln.de\/?page_id=56\">\u21d2<\/a><a style=\"color: #607ea5;\" href=\"http:\/\/kirmin.web.th-koeln.de\/?page_id=45\"> Inhalt\/Hintergrund<\/a><\/strong><\/span><\/p>\n<p><span style=\"color: #607ea5;\"><strong><a style=\"color: #607ea5;\" href=\"http:\/\/kirmin.web.th-koeln.de\/?page_id=56\">\u21d2<\/a> <a style=\"color: #607ea5;\" href=\"http:\/\/kirmin.web.th-koeln.de\/?page_id=56\">Definition KRITIS und Resilienz<\/a><\/strong><\/span><\/p>\n<p><strong><span style=\"color: #607ea5;\"><a style=\"color: #607ea5;\" href=\"http:\/\/kirmin.web.th-koeln.de\/?page_id=56\">\u21d2<\/a><\/span><a href=\"http:\/\/kirmin.web.th-koeln.de\/?page_id=64\"><span style=\"color: #607ea5;\"> Ergebnisse<\/span><\/a><\/strong><\/p>\n","protected":false},"excerpt":{"rendered":"<p>Das BMBF-gef\u00f6rderte Forschungsprojekt KIRMin analysiert die Abh\u00e4ngigkeiten der Elektrizit\u00e4ts- und Wasserversorgung in Deutschland. Dabei geht es sowohl um systemrelevante technische Schnittstellen, z. B. an Pumpstationen, als auch um organisatorische Abh\u00e4ngigkeiten im Risiko- und Krisenmanagement. Dazu werden Schwachstellen identifiziert und Verbesserungsm\u00f6glichkeiten [&hellip;]<\/p>\n","protected":false},"author":1,"featured_media":0,"parent":45,"menu_order":2,"comment_status":"closed","ping_status":"closed","template":"","meta":{"footnotes":""},"class_list":["post-60","page","type-page","status-publish","hentry","clearfix"],"_links":{"self":[{"href":"https:\/\/kirmin.web.th-koeln.de\/index.php?rest_route=\/wp\/v2\/pages\/60","targetHints":{"allow":["GET"]}}],"collection":[{"href":"https:\/\/kirmin.web.th-koeln.de\/index.php?rest_route=\/wp\/v2\/pages"}],"about":[{"href":"https:\/\/kirmin.web.th-koeln.de\/index.php?rest_route=\/wp\/v2\/types\/page"}],"author":[{"embeddable":true,"href":"https:\/\/kirmin.web.th-koeln.de\/index.php?rest_route=\/wp\/v2\/users\/1"}],"replies":[{"embeddable":true,"href":"https:\/\/kirmin.web.th-koeln.de\/index.php?rest_route=%2Fwp%2Fv2%2Fcomments&post=60"}],"version-history":[{"count":13,"href":"https:\/\/kirmin.web.th-koeln.de\/index.php?rest_route=\/wp\/v2\/pages\/60\/revisions"}],"predecessor-version":[{"id":1162,"href":"https:\/\/kirmin.web.th-koeln.de\/index.php?rest_route=\/wp\/v2\/pages\/60\/revisions\/1162"}],"up":[{"embeddable":true,"href":"https:\/\/kirmin.web.th-koeln.de\/index.php?rest_route=\/wp\/v2\/pages\/45"}],"wp:attachment":[{"href":"https:\/\/kirmin.web.th-koeln.de\/index.php?rest_route=%2Fwp%2Fv2%2Fmedia&parent=60"}],"curies":[{"name":"wp","href":"https:\/\/api.w.org\/{rel}","templated":true}]}}